{"id":33710,"date":"2021-09-26T11:24:29","date_gmt":"2021-09-26T09:24:29","guid":{"rendered":"https:\/\/educacio-valencia.es\/?page_id=33710"},"modified":"2022-10-07T11:02:02","modified_gmt":"2022-10-07T09:02:02","slug":"plazos-escolarizacion","status":"publish","type":"page","link":"https:\/\/educacio-valencia.es\/es\/plazos-escolarizacion\/","title":{"rendered":"Plazos escolarizaci\u00f3n"},"content":{"rendered":"<div class=\"fusion-fullwidth fullwidth-box fusion-builder-row-1 fusion-flex-container nonhundred-percent-fullwidth non-hundred-percent-height-scrolling\" style=\"background-color: rgba(255,255,255,0);background-position: center center;background-repeat: no-repeat;border-width: 0px 0px 0px 0px;border-color:#eae9e9;border-style:solid;\" ><div class=\"fusion-builder-row fusion-row fusion-flex-align-items-flex-start\" style=\"max-width:5083.52px;margin-left: calc(-4% \/ 2 );margin-right: calc(-4% \/ 2 );\"><div class=\"fusion-layout-column fusion_builder_column fusion-builder-column-0 fusion_builder_column_1_3 1_3 fusion-flex-column\"><div class=\"fusion-column-wrapper fusion-flex-justify-content-flex-start fusion-content-layout-column\" style=\"background-position:left top;background-repeat:no-repeat;-webkit-background-size:cover;-moz-background-size:cover;-o-background-size:cover;background-size:cover;padding: 0px 0px 0px 0px;\"><div class=\"fusion-text fusion-text-1\" style=\"transform:translate3d(0,0,0);\"><p><strong>Plazos escolarizaci\u00f3n<\/strong><\/p>\n<\/div><div ><span class=\" fusion-imageframe imageframe-none imageframe-1 hover-type-none\" style=\"border:2px solid #000000;\"><img width=\"1024\" height=\"768\" title=\"annie-spratt-JexAuNCfefs-unsplash\" src=\"https:\/\/educacio-valencia.es\/wp-content\/uploads\/2022\/09\/annie-spratt-JexAuNCfefs-unsplash-1024x768.jpg\" class=\"img-responsive wp-image-33713\" srcset=\"https:\/\/educacio-valencia.es\/wp-content\/uploads\/2022\/09\/annie-spratt-JexAuNCfefs-unsplash-200x150.jpg 200w, https:\/\/educacio-valencia.es\/wp-content\/uploads\/2022\/09\/annie-spratt-JexAuNCfefs-unsplash-400x300.jpg 400w, https:\/\/educacio-valencia.es\/wp-content\/uploads\/2022\/09\/annie-spratt-JexAuNCfefs-unsplash-600x450.jpg 600w, https:\/\/educacio-valencia.es\/wp-content\/uploads\/2022\/09\/annie-spratt-JexAuNCfefs-unsplash-800x600.jpg 800w, https:\/\/educacio-valencia.es\/wp-content\/uploads\/2022\/09\/annie-spratt-JexAuNCfefs-unsplash-1200x900.jpg 1200w\" sizes=\"(max-width: 1024px) 100vw, (max-width: 640px) 100vw, 1024px\" \/><\/span><\/div><\/div><\/div><style type=\"text\/css\">.fusion-body .fusion-builder-column-0{width:33.333333333333% !important;margin-top : 0px;margin-bottom : 20px;}.fusion-builder-column-0 > .fusion-column-wrapper {padding-top : 0px !important;padding-right : 0px !important;margin-right : 5.76%;padding-bottom : 0px !important;padding-left : 0px !important;margin-left : 5.76%;}@media only screen and (max-width:1024px) {.fusion-body .fusion-builder-column-0{width:100% !important;order : 0;}.fusion-builder-column-0 > .fusion-column-wrapper {margin-right : 1.92%;margin-left : 1.92%;}}@media only screen and (max-width:640px) {.fusion-body .fusion-builder-column-0{width:100% !important;order : 0;}.fusion-builder-column-0 > .fusion-column-wrapper {margin-right : 1.92%;margin-left : 1.92%;}}<\/style><div class=\"fusion-layout-column fusion_builder_column fusion-builder-column-1 fusion_builder_column_2_3 2_3 fusion-flex-column\"><div class=\"fusion-column-wrapper fusion-flex-justify-content-flex-start fusion-content-layout-column\" style=\"background-position:left top;background-repeat:no-repeat;-webkit-background-size:cover;-moz-background-size:cover;-o-background-size:cover;background-size:cover;padding: 0px 0px 0px 0px;\"><div class=\"fusion-text fusion-text-2\" style=\"transform:translate3d(0,0,0);\"><p>En Educaci\u00f3n Infantil de segundo ciclo y en Educaci\u00f3n Primaria: una vez iniciado el curso escolar y cuando la Administraci\u00f3n educativa competente pasa los datos con las plazas vacantes actualizadas e informatizadas al Ayuntamiento, habitualmente a partir de la segunda quincena del mes de septiembre.<\/p>\n<p>En Educaci\u00f3n Secundaria Obligatoria una vez que la Administraci\u00f3n educativa competente pasa los datos con las plazas vacantes actualizadas e informatizadas al Ayuntamiento, habitualmente a partir del mes de octubre.<\/p>\n<p><strong>Proceso de admisi\u00f3n<\/strong> en educaci\u00f3n infantil de segundo ciclo, educaci\u00f3n primaria, educaci\u00f3n secundaria obligatoria y bachillerato:<\/p>\n<p>Se realiza en el plazo y en los t\u00e9rminos que, cada curso escolar, establece la Resoluci\u00f3n del director general de Centros Docentes despu\u00e9s de su publicaci\u00f3n en el Diari Oficial de la Comunitat Valenciana. (Ver el apartado de legislaci\u00f3n)<\/p>\n<p>Se realiza a trav\u00e9s del <strong>Web<\/strong> de la <strong>Conseller\u00eda de Educaci\u00f3n<\/strong>, Cultura y Deporte de la Generalitat Valenciana a trav\u00e9s del portal \u201c<strong>telematr\u00edcula<\/strong>\u201d.<\/p>\n<p>Los encargados de este proceso son los centros educativos, la inspecci\u00f3n y la Direcci\u00f3n Territorial de Educaci\u00f3n de Val\u00e8ncia de la Generalitat Valenciana.<\/p>\n<p>Enlace telematr\u00edcula:\u00a0\u00a0<a href=\"https:\/\/portal.edu.gva.es\/telematricula\/\" target=\"_blank\" rel=\"noopener\">https:\/\/portal.edu.gva.es\/telematricula\/<\/a><\/p>\n<p>Enlace solicitud fuera de plazo:<\/p>\n<p><a href=\"https:\/\/admissiovalenciacapital.blogspot.com\/\" target=\"_blank\" rel=\"noopener\">https:\/\/admissiovalenciacapital.blogspot.com\/<\/a><\/p>\n<ul>\n<li><strong>Escolarizaci\u00f3n sobrevenida<\/strong> en educaci\u00f3n infantil de segundo ciclo, educaci\u00f3n primaria y educaci\u00f3n secundaria obligatoria:<\/li>\n<\/ul>\n<p>Se lleva a cabo por el <strong>Ayuntamiento de Val\u00e8ncia,<\/strong> tal como establece el Art\u00edculo 57 de la Orden 7\/2016, de 19 de abril, de la Conseller\u00eda de Educaci\u00f3n, Investigaci\u00f3n, Cultura y Deporte, desde que acaba el proceso de admisi\u00f3n en los centras en los niveles educativos antedichos hasta que finaliza el curso escolar.<\/p>\n<p>Se realiza a trav\u00e9s de la <strong>Oficina Municipal de Escolarizaci\u00f3n<\/strong> \u2013OME- de este Ayuntamiento de manera telem\u00e1tica, exclusivamente, a trav\u00e9s del Portal de Escolarizaci\u00f3n Sobrevenida del Ayuntamiento de Val\u00e8ncia denominado PortEs.<\/p>\n<\/div><\/div><\/div><style type=\"text\/css\">.fusion-body .fusion-builder-column-1{width:66.666666666667% !important;margin-top : 0px;margin-bottom : 20px;}.fusion-builder-column-1 > .fusion-column-wrapper {padding-top : 0px !important;padding-right : 0px !important;margin-right : 2.88%;padding-bottom : 0px !important;padding-left : 0px !important;margin-left : 2.88%;}@media only screen and (max-width:1024px) {.fusion-body .fusion-builder-column-1{width:100% !important;order : 0;}.fusion-builder-column-1 > .fusion-column-wrapper {margin-right : 1.92%;margin-left : 1.92%;}}@media only screen and (max-width:640px) {.fusion-body .fusion-builder-column-1{width:100% !important;order : 0;}.fusion-builder-column-1 > .fusion-column-wrapper {margin-right : 1.92%;margin-left : 1.92%;}}<\/style><\/div><style type=\"text\/css\">.fusion-body .fusion-flex-container.fusion-builder-row-1{ padding-top : 0px;margin-top : 0px;padding-right : 0px;padding-bottom : 0px;margin-bottom : 0px;padding-left : 0px;}<\/style><\/div>\n","protected":false},"excerpt":{"rendered":"","protected":false},"author":15,"featured_media":0,"parent":0,"menu_order":0,"comment_status":"closed","ping_status":"closed","template":"","meta":[],"_links":{"self":[{"href":"https:\/\/educacio-valencia.es\/es\/wp-json\/wp\/v2\/pages\/33710"}],"collection":[{"href":"https:\/\/educacio-valencia.es\/es\/wp-json\/wp\/v2\/pages"}],"about":[{"href":"https:\/\/educacio-valencia.es\/es\/wp-json\/wp\/v2\/types\/page"}],"author":[{"embeddable":true,"href":"https:\/\/educacio-valencia.es\/es\/wp-json\/wp\/v2\/users\/15"}],"replies":[{"embeddable":true,"href":"https:\/\/educacio-valencia.es\/es\/wp-json\/wp\/v2\/comments?post=33710"}],"version-history":[{"count":5,"href":"https:\/\/educacio-valencia.es\/es\/wp-json\/wp\/v2\/pages\/33710\/revisions"}],"predecessor-version":[{"id":34096,"href":"https:\/\/educacio-valencia.es\/es\/wp-json\/wp\/v2\/pages\/33710\/revisions\/34096"}],"wp:attachment":[{"href":"https:\/\/educacio-valencia.es\/es\/wp-json\/wp\/v2\/media?parent=33710"}],"curies":[{"name":"wp","href":"https:\/\/api.w.org\/{rel}","templated":true}]}}

Plazos escolarización

<div class="fusion-fullwidth fullwidth-box fusion-builder-row-1 fusion-flex-container nonhundred-percent-fullwidth non-hundred-percent-height-scrolling" style="background-color: rgba(255,255,255,0);background-position: center center;background-repeat: no-repeat;border-width: 0px 0px 0px 0px;border-color:#eae9e9;border-style:solid;" ><div class="fusion-builder-row fusion-row fusion-flex-align-items-flex-start" style="max-width:5083.52px;margin-left: calc(-4% / 2 );margin-right: calc(-4% / 2 );"><div class="fusion-layout-column fusion_builder_column fusion-builder-column-0 fusion_builder_column_1_3 1_3 fusion-flex-column"><div class="fusion-column-wrapper fusion-flex-justify-content-flex-start fusion-content-layout-column" style="background-position:left top;background-repeat:no-repeat;-webkit-background-size:cover;-moz-background-size:cover;-o-background-size:cover;background-size:cover;padding: 0px 0px 0px 0px;"><div class="fusion-text fusion-text-1" style="transform:translate3d(0,0,0);"><p><strong>Plazos escolarización</strong></p>
</div><div ><span class=" fusion-imageframe imageframe-none imageframe-1 hover-type-none" style="border:2px solid #000000;"><img width="1024" height="768" title="annie-spratt-JexAuNCfefs-unsplash" src="https://educacio-valencia.es/wp-content/uploads/2022/09/annie-spratt-JexAuNCfefs-unsplash-1024x768.jpg" class="img-responsive wp-image-33713" srcset="https://educacio-valencia.es/wp-content/uploads/2022/09/annie-spratt-JexAuNCfefs-unsplash-200x150.jpg 200w, https://educacio-valencia.es/wp-content/uploads/2022/09/annie-spratt-JexAuNCfefs-unsplash-400x300.jpg 400w, https://educacio-valencia.es/wp-content/uploads/2022/09/annie-spratt-JexAuNCfefs-unsplash-600x450.jpg 600w, https://educacio-valencia.es/wp-content/uploads/2022/09/annie-spratt-JexAuNCfefs-unsplash-800x600.jpg 800w, https://educacio-valencia.es/wp-content/uploads/2022/09/annie-spratt-JexAuNCfefs-unsplash-1200x900.jpg 1200w" sizes="(max-width: 1024px) 100vw, (max-width: 640px) 100vw, 1024px" /></span></div></div></div><style type="text/css">.fusion-body .fusion-builder-column-0{width:33.333333333333% !important;margin-top : 0px;margin-bottom : 20px;}.fusion-builder-column-0 > .fusion-column-wrapper {padding-top : 0px !important;padding-right : 0px !important;margin-right : 5.76%;padding-bottom : 0px !important;padding-left : 0px !important;margin-left : 5.76%;}@media only screen and (max-width:1024px) {.fusion-body .fusion-builder-column-0{width:100% !important;order : 0;}.fusion-builder-column-0 > .fusion-column-wrapper {margin-right : 1.92%;margin-left : 1.92%;}}@media only screen and (max-width:640px) {.fusion-body .fusion-builder-column-0{width:100% !important;order : 0;}.fusion-builder-column-0 > .fusion-column-wrapper {margin-right : 1.92%;margin-left : 1.92%;}}</style><div class="fusion-layout-column fusion_builder_column fusion-builder-column-1 fusion_builder_column_2_3 2_3 fusion-flex-column"><div class="fusion-column-wrapper fusion-flex-justify-content-flex-start fusion-content-layout-column" style="background-position:left top;background-repeat:no-repeat;-webkit-background-size:cover;-moz-background-size:cover;-o-background-size:cover;background-size:cover;padding: 0px 0px 0px 0px;"><div class="fusion-text fusion-text-2" style="transform:translate3d(0,0,0);"><p>En Educación Infantil de segundo ciclo y en Educación Primaria: una vez iniciado el curso escolar y cuando la Administración educativa competente pasa los datos con las plazas vacantes actualizadas e informatizadas al Ayuntamiento, habitualmente a partir de la segunda quincena del mes de septiembre.</p>
<p>En Educación Secundaria Obligatoria una vez que la Administración educativa competente pasa los datos con las plazas vacantes actualizadas e informatizadas al Ayuntamiento, habitualmente a partir del mes de octubre.</p>
<p><strong>Proceso de admisión</strong> en educación infantil de segundo ciclo, educación primaria, educación secundaria obligatoria y bachillerato:</p>
<p>Se realiza en el plazo y en los términos que, cada curso escolar, establece la Resolución del director general de Centros Docentes después de su publicación en el Diari Oficial de la Comunitat Valenciana. (Ver el apartado de legislación)</p>
<p>Se realiza a través del <strong>Web</strong> de la <strong>Consellería de Educación</strong>, Cultura y Deporte de la Generalitat Valenciana a través del portal “<strong>telematrícula</strong>”.</p>
<p>Los encargados de este proceso son los centros educativos, la inspección y la Dirección Territorial de Educación de València de la Generalitat Valenciana.</p>
<p>Enlace telematrícula:  <a href="https://portal.edu.gva.es/telematricula/" target="_blank" rel="noopener">https://portal.edu.gva.es/telematricula/</a></p>
<p>Enlace solicitud fuera de plazo:</p>
<p><a href="https://admissiovalenciacapital.blogspot.com/" target="_blank" rel="noopener">https://admissiovalenciacapital.blogspot.com/</a></p>
<ul>
<li><strong>Escolarización sobrevenida</strong> en educación infantil de segundo ciclo, educación primaria y educación secundaria obligatoria:</li>
</ul>
<p>Se lleva a cabo por el <strong>Ayuntamiento de València,</strong> tal como establece el Artículo 57 de la Orden 7/2016, de 19 de abril, de la Consellería de Educación, Investigación, Cultura y Deporte, desde que acaba el proceso de admisión en los centras en los niveles educativos antedichos hasta que finaliza el curso escolar.</p>
<p>Se realiza a través de la <strong>Oficina Municipal de Escolarización</strong> –OME- de este Ayuntamiento de manera telemática, exclusivamente, a través del Portal de Escolarización Sobrevenida del Ayuntamiento de València denominado PortEs.</p>
</div></div></div><style type="text/css">.fusion-body .fusion-builder-column-1{width:66.666666666667% !important;margin-top : 0px;margin-bottom : 20px;}.fusion-builder-column-1 > .fusion-column-wrapper {padding-top : 0px !important;padding-right : 0px !important;margin-right : 2.88%;padding-bottom : 0px !important;padding-left : 0px !important;margin-left : 2.88%;}@media only screen and (max-width:1024px) {.fusion-body .fusion-builder-column-1{width:100% !important;order : 0;}.fusion-builder-column-1 > .fusion-column-wrapper {margin-right : 1.92%;margin-left : 1.92%;}}@media only screen and (max-width:640px) {.fusion-body .fusion-builder-column-1{width:100% !important;order : 0;}.fusion-builder-column-1 > .fusion-column-wrapper {margin-right : 1.92%;margin-left : 1.92%;}}</style></div><style type="text/css">.fusion-body .fusion-flex-container.fusion-builder-row-1{ padding-top : 0px;margin-top : 0px;padding-right : 0px;padding-bottom : 0px;margin-bottom : 0px;padding-left : 0px;}</style></div>
